- 4*l + 40 = 4*a, -2*l + 14 = 2*a. Suppose 0 = 4*c + 5*b + 17, 3*c + 5*b = 2 - 16. Let g = c + 27. Calculate the greatest common divisor of a and g.
12
Suppose 16*w = 19*w - 51. Calculate the highest common factor of 68 and w.
17
Let c(m) = 15*m**2 + m. Let o be c(1). Suppose -2*h + 74 - 266 = 0. Let t = -56 - h. Calculate the greatest common factor of t and o.
8
Suppose -k = 3*k - 44. Let z(o) = 13*o - 15. Let q be z(10). Suppose 0 = u - 2*d - 50, -q - 93 = -5*u - 4*d. Calculate the greatest common factor of u and k.
11
Let o be (8/(-6))/(2/3). Let b be o/((0 - -1)*-1). Suppose 3*v - 5 = 3*r - 110, b*r - 85 = -v. What is the highest common divisor of 16 and r?
8
Let r(x) = -26*x + 1. Let j be r(-1). Let h be -2*15*4/(-8). Let p = j - h. What is the highest common factor of 12 and p?
12
Let v = 3 + 7. Suppose 9 = 3*n, g - 34 = n - v. Calculate the highest common factor of 18 and g.
9
Let p(k) = 3*k + 1. Let h be p(7). What is the highest common factor of h and 154?
22
Let q = -6 - -4. Let o(u) = -23*u - 2. Let j be o(q). Let g(z) = -z**3 + 5*z**2 + 7*z - 2. Let r be g(6). Calculate the highest common factor of j and r.
4
Let s(a) = 8*a + 54. Let n be s(-5). Calculate the greatest common factor of n and 154.
14
Suppose 200 = 4*d - i, -8*d + 4*i = -3*d - 261. Calculate the highest common divisor of 21 and d.
7
Let z(o) = 6*o + 7. Let h be z(8). Suppose -2*f = -7*f + h. Calculate the greatest common divisor of f and 99.
11
Suppose 135 + 25 = 4*o. Suppose 6*l - 26 = 4*l. Let z = l + -3. Calculate the highest common factor of o and z.
10
Let i(r) = -8*r - 19. Let s be i(-8). Let h(c) = c**3 - 6*c**2 + 3*c + 4. Let a be h(5). Let y = -1 - a. What is the highest common factor of s and y?
5
Let t(i) = i**3 + 16*i**2 - 16*i + 23. Let w be t(-17). Calculate the greatest common divisor of w and 66.
6
Let p be 258/21 + 6/(-21). Let q = p - 8. Suppose x = q*x - 504. Calculate the greatest common divisor of x and 21.
21
Suppose 0*a + 42 = a. Suppose -2*b = 2*x - a, -4*b + 13 = 2*x - 31. What is the highest common factor of 40 and x?
20
Let s(c) = c**3 - 10*c**2 + 20*c. Let q be s(9). Calculate the greatest common factor of q and 22.
11
Let q = -25 + 6. Let f be (1 - 0 - 6)*q. Calculate the highest common divisor of f and 19.
19
Let f(h) = h**3 + 8*h**2 + 8*h + 9. Let v be f(-7). Suppose 4*r - 3*i - i - 132 = 0, 0 = -v*i - 10. Calculate the highest common divisor of r and 28.
28
Suppose -f - 10 = 3*j, 2*j = 4*j + 6. Let u be (f + 3 - 2) + 22. What is the highest common factor of u and 2?
2
Let t = -164 + 204. Calculate the greatest common divisor of 80 and t.
40
Let z(o) = o**3 + o**2 + 3. Let x be z(0). Let h be -1 - (-1 + -2)/x. Suppose -3*y = -h*y - 54. Calculate the greatest common divisor of y and 9.
9
Suppose 12 = -w + 4*w. Suppose 10*m = 6*m - 20. Let g(s) = s**3 + 5*s**2 - 2*s + 2. Let y be g(m). What is the greatest common divisor of y and w?
4
Let i(y) = 4*y - 14. Let v be i(8). Let c be ((-135)/20)/((-1)/24). What is the highest common factor of c and v?
18
Suppose -19 - 25 = -4*y. Calculate the greatest common divisor of 77 and y.
11
Let f(x) = x**2 - 4*x - 4. Let w be f(6). Let d be 318/8 + (-2)/(-8). Let s = 60 - d. What is the highest common factor of s and w?
4
Let s(u) = -14*u**3 + u + 1. Let c be s(-1). Let g = -97 - -99. Calculate the greatest common divisor of c and g.
2
Suppose -4*y + 5*o + 170 = 0, -5*y + 6*o - o = -210. Let k(f) = f**2 + f + 8. Let n be k(0). What is the greatest common factor of y and n?
8
Suppose 3*j + 9 = 24. Suppose 161 = 5*m + j*v - 104, 4*v = 2*m - 76. Suppose -3*y + m = -y. Calculate the highest common factor of 3 and y.
3
Let z be 1/((12/(-21))/(-4)). Calculate the greatest common factor of z and 63.
7
Suppose -10 = 2*j + 6. Let s = 19 + j. Calculate the greatest common divisor of s and 121.
11
Let n(r) = -r**3 + r + 11. Let z be n(0). Calculate the highest common divisor of 121 and z.
11
Let g = -7 + 5. Let r(y) = 8*y. Let f(s) = -15*s - 1. Let c(k) = 3*f(k) + 5*r(k). Let u be c(g). Calculate the highest common divisor of 63 and u.
7
Suppose -5*c = -2*w + 85, 0*w + 50 = w - 4*c. What is the greatest common factor of w and 45?
15
Let r = 8 - -30. Let y(w) = 53*w + 4. Let f be y(1). What is the highest common factor of f and r?
19
Let f be 0/(2 + -2*2). Suppose f*v + 4*v = 100. Suppose -2*x - 10 = -3*x. Calculate the highest common divisor of x and v.
5
Suppose -9 + 4 = -j. Suppose 0 = j*a - a - 8. Suppose -3*z - 3*r = -r - 27, -a*z - r + 17 = 0. What is the highest common divisor of z and 21?
7
Suppose 3*s - 9 = 0, 0 = 3*l - 2*s - 43 - 50. Suppose -24 = -2*c + 4*k, 7*c - l = 3*c + 5*k. What is the greatest common divisor of c and 14?
2
Suppose 5*g + 5*x - 160 = 0, -48 = -g - 2*x - 14. What is the greatest common factor of 120 and g?
30
Let j be 1 + (-8)/(1 + -3). Let d(p) = 3*p - 3. Let o be d(j). What is the highest common factor of 60 and o?
12
Let d(f) = -6 - 4 - 4*f - 6*f. Let l be d(-7). Let t = l + 5. What is the highest common factor of t and 13?
13
Let p be 10*1*(-4)/10. Let c be -4 - p - (-2)/1. Suppose -c*r + 14 = q, 4*r = -2*q - 2*q + 68. Calculate the greatest common divisor of 160 and q.
20
Let z(g) = 2*g + 12. Let t be z(3). What is the highest common divisor of t and 90?
18
Let f = -21 - -93. Calculate the greatest common factor of f and 8.
8
Suppose -294 = 51*y - 54*y. What is the highest common divisor of 14 and y?
14
Suppose -22*v + 14 = -20*v. Calculate the highest common divisor of v and 77.
7
Let b be -1 - -5 - (-10 - -3). What is the greatest common factor of 121 and b?
11
Let f = 80 + 64. Calculate the highest common factor of 18 and f.
18
Let m(y) = y. Let g be m(1). Suppose 28*p + 8 = 4*q + 27*p, 4*q + 8 = 5*p. What is the highest common factor of q and g?
1
Suppose 10*y = 7*y - 144. Let m be (2/6)/((-4)/y). What is the highest common divisor of 28 and m?
4
Suppose -l = -4, l - 370 = -3*p + 3*l. Let v = 28 - 14. What is the highest common factor of p and v?
14
Let f(t) = t**2 + 3*t - 4. Let s be f(3). Suppose 0 = -5*a, -b - 724 = -0*a + 4*a. Let x be (-2)/(-13) + b/(-26). What is the highest common factor of x and s?
14
Suppose 0 = 4*c, 2 = q - 4*c - 10. Calculate the highest common factor of q and 48.
12
Suppose -3*p - 2*j = -26, 3*p + 2*j + 4 = 5*p. Suppose -2*y = 5*i - 35, -2*y + 4*i + 56 = 2*y. What is the greatest common factor of p and y?
3
Let f = 9 - 14. Let i(o) = 8*o**2 + 6*o + 6. Let x be i(f). Let q be 1/((-2)/6) + 19. What is the highest common divisor of q and x?
16
Let s = 41 - -19. What is the highest common divisor of 20 and s?
20
Let x = -94 - -150. Calculate the highest common factor of x and 8.
8
Let s = 22 - 16. Let d be (-3)/s - 270/(-12). Let q be (-1 + 2*1)*55. What is the greatest common divisor of q and d?
11
Let y = -1 + 4. Suppose 2*z + 44 = 2*x, -x - y*z + 34 = -0*z. What is the greatest common factor of x and 10?
5
Suppose -4*h - 3*p + 44 = -2*h, 0 = 2*p + 4. Let s = 39 - h. Suppose k + l + 2*l - s = 0, -5*k + l + 22 = 0. What is the greatest common divisor of 5 and k?
5
Suppose -238 = -4*g - 5*l + 59, -2*l - 126 = -2*g. What is the highest common divisor of 85 and g?
17
Suppose -8*z + 9*z = 128. What is the highest common divisor of z and 8?
8
Suppose 12 = 2*y + 2*y. Suppose -25 = -3*q + 2*p, -y*q + p + 14 = -9. What is the highest common factor of 28 and q?
7
Suppose 0 = 4*i - 23 + 7. Let n be ((-18)/(-7))/(i/(-28)). Let a = 2 - n. What is the highest common factor of a and 10?
10
Let d be (2 - 0 - 4)*-1. Calculate the highest common divisor of d and 26.
2
Suppose 2*w - w = 3*c + 5, -4*c = 0. Suppose 0 = -2*p + w*p - 240. What is the greatest common factor of 16 and p?
16
Suppose -3*y = 3*r - 105, 0 = 5*y + 4*r - 218 + 39. Let i = 81 + -104. Let k = y + i. What is the greatest common factor of k and 32?
16
Suppose 2*u - 23 - 1 = 0. Suppose 3*i = -3*j - 3, -2*j + 27 = 5*i - 5*j. Let f be ((i - 2) + 5)*3. Calculate the highest common divisor of u and f.
6
Suppose 1369 + 1361 = 21*t. Let r(x) = 6*x - 4. Let o be r(5). Calculate the greatest common divisor of o and t.
26
Let d = 5 + -5. Let v be 1/(2/198) - d. Calculate the greatest common factor of 9 and v.
9
Suppose -4*l = -1543 + 251. Calculate the highest common factor of l and 17.
17
Let g = -108 - 